7
Calculate the remainder when 3164181 is divided by 1969.
1967
What is the remainder when 96856 is divided by 220?
56
Calculate the remainder when 5950355 is divided by 2924.
15
What is the remainder when 894924 is divided by 886?
64
What is the remainder when 20294298 is divided by 154?
24
What is the remainder when 395812 is divided by 98740?
852
What is the remainder when 10690 is divided by 408?
82
Calculate the remainder when 7691121 is divided by 3432.
9
What is the remainder when 11088322 is divided by 76?
74
What is the remainder when 7652663 is divided by 2550876?
35
Calculate the remainder when 4539654 is divided by 128.
6
What is the remainder when 95229 is divided by 93732?
1497
What is the remainder when 3628 is divided by 3517?
111
Calculate the remainder when 1474213 is divided by 1052.
361
What is the remainder when 32245113 is divided by 461?
7
What is the remainder when 167788 is divided by 202?
128
Calculate the remainder when 734627 is divided by 91800.
227
Calculate the remainder when 24349438 is divided by 4869865.
113
Calculate the remainder when 152815 is divided by 25429.
241
Calculate the remainder when 7227281 is divided by 37.
34
Calculate the remainder when 545554 is divided by 108849.
1309
What is the remainder when 50187899 is divided by 64?
59
What is the remainder when 255890 is divided by 58?
52
What is the remainder when 1120867 is divided by 373540?
247
What is the remainder when 35284899 is divided by 7580?
7579
Calculate the remainder when 26975259 is divided by 849.
831
What is the remainder when 265087 is divided by 132536?
15
What is the remainder when 1010853 is divided by 375?
228
Calculate the remainder when 305192 is divided by 543.
26
What is the remainder when 386435 is divided by 386121?
314
What is the remainder when 918719339 is divided by 77?
76
Calculate the remainder when 7249622 is divided by 727.
705
Calculate the remainder when 2013687 is divided by 17663.
105
Calculate the remainder when 72295 is divided by 1405.
640
Calculate the remainder when 824607 is divided by 14725.
7
Calculate the remainder when 4463870 is divided by 1223.
1143
What is the remainder when 445253 is divided by 3142?
2231
Calculate the remainder when 157736582 is divided by 742.
738
What is the remainder when 137812 is divided by 9798?
640
Calculate the remainder when 41672 is divided by 18120.
5432
Calculate the remainder when 669050 is divided by 167201.
246
Calculate the remainder when 3987062 is divided by 664499.
68
Calculate the remainder when 1101082 is divided by 12234.
22
Calculate the remainder when 112974563 is divided by 22594911.
8
Calculate the remainder when 1747069 is divided by 436440.
1309
Calculate the remainder when 885057 is divided by 5267.
201
What is the remainder when 4070750 is divided by 612?
338
Calculate the remainder when 1770401 is divided by 17528.
73
What is the remainder when 3121875502 is divided by 2904?
2902
What is the remainder when 228986 is divided by 17588?
342
What is the remainder when 799957 is divided by 86?
71
Calculate the remainder when 18510998 is divided by 865.
863
What is the remainder when 14795661 is divided by 362?
359
What is the remainder when 5273868 is divided by 1?
0
Calculate the remainder when 1270110 is divided by 1094.
1070
Calculate the remainder when 2094402 is divided by 288.
66
Calculate the remainder when 47616894 is divided by 766.
36
Calculate the remainder when 75024533 is divided by 118.
15
Calculate the remainder when 990882 is divided by 247654.
266
What is the remainder when 1714092 is divided by 24?
12
What is the remainder when 36263698 is divided by 1650?
1648
What is the remainder when 46246 is divided by 2899?
2761
What is the remainder when 135734 is divided by 717?
221
What is the remainder when 246334450 is divided by 9?
4
What is the remainder when 90509764 is divided by 90509755?
9
What is the remainder when 970756 is divided by 13?
7
What is the remainder when 3645963 is divided by 202550?
63
What is the remainder when 6825 is divided by 534?
417
What is the remainder when 99255 is divided by 526?
367
What is the remainder when 47600 is divided by 22888?
1824
Calculate the remainder when 761900 is divided by 233.
223
Calculate the remainder when 72744 is divided by 180.
24
Calculate the remainder when 5355953 is divided by 233.
215
Calculate the remainder when 11171029 is divided by 1396373.
45
Calculate the remainder when 58390478 is divided by 11678094.
8
Calculate the remainder when 10685629 is divided by 2671374.
133
What is the remainder when 991349 is divided by 247810?
109
Calculate the remainder when 2206673 is divided by 30.
23
Calculate the remainder when 7526269 is divided by 52.
49
Calculate the remainder when 23208118 is divided by 192.
118
Calculate the remainder when 26132 is divided by 274.
102
What is the remainder when 588285 is divided by 19609?
15
Calculate the remainder when 247758 is divided by 1072.
126
Calculate the remainder when 27933 is divided by 4654.
9
What is the remainder when 3668863 is divided by 79?
24
Calculate the remainder when 2913109 is divided by 74683.
472
What is the remainder when 1128277 is divided by 194?
167
Calculate the remainder when 575372 is divided by 191434.
1070
Calculate the remainder when 644838 is divided by 107467.
36
What is the remainder when 179816 is divided by 44948?
24
What is the remainder when 3391990 is divided by 2019?
70
Calculate the remainder when 1574112 is divided by 5766.
5760
What is the remainder when 28404597 is divided by 9751?
9685
What is the remainder when 11102588 is divided by 2991?
2987
Calculate the remainder when 29499 is divided by 1935.
474
What is the remainder when 311410 is divided by 687?
199
What is the remainder when 586971701 is divided by 1857?
1856
What is the remainder when 277889 is divided by 46310?
29
What is the remainder when 178809 is divided by 256?
121
What is the remainder when 35491951 is divided by 13373?
9
Calculate the remainder when 502092 is divided by 124782.
2964
Calculate the remainder when 405101534 is divided by 16.
14
Calculate the remainder when 129564 is divided by 14355.
369
Calculate the remainder when 6199413 is divided by 3664.
3589
What is the remainder when 4108971 is divided by 91?
48
What is the remainder when 159734 is divided by 232?
118
Calculate the remainder when 329941855 is divided by 32.
31
What is the remainder when 7570575 is divided by 582351?
12
Calculate the remainder when 93646676 is divided by 79.
76
Calculate the remainder when 157559998 is divided by 13.
11
What is the remainder when 13747 is divided by 2538?
1057
Calculate the remainder when 424959 is divided by 212473.
13
Calculate the remainder when 2794307 is divided by 6717.
35
Calculate the remainder when 1514285123 is divided by 6845.
6843
What is the remainder when 116940 is divided by 921?
894
What is the remainder when 6774778 is divided by 812?
262
What is the remainder when 10443 is divided by 1481?
76
Calculate the remainder when 3832490 is divided by 104.
90
What is the remainder when 1306582 is divided by 5912?
30
What is the remainder when 11321814 is divided by 185?
184
What is the remainder when 2073971 is divided by 259132?
915
What is the remainder when 2059560 is divided by 1347?
1344
Calculate the remainder when 2355344 is divided by 23091.
62
What is the remainder when 10097 is divided by 1397?
318
What is the remainder when 5624159 is divided by 5336?
15
Calculate the remainder when 15440 is divided by 4622.
1574
Calculate the remainder when 416140 is divided by 6402.
10
What is the remainder when 5990915 is divided by 406?
385
Calculate the remainder when 53031566 is divided by 6104.
14
Calculate the remainder when 14844 is divided by 484.
324
Calculate the remainder when 90367475 is divided by 43.
8
Calculate the remainder when 29462268 is divided by 656.
652
What is the remainder when 28026959 is divided by 10?
9
Calculate the remainder when 2809919 is divided by 38.
9
Calculate the remainder when 2882554 is divided by 92985.
19
What is the remainder when 1875371 is divided by 439?
402
What is the remainder when 1925375 is divided by 736?
735
What is the remainder when 73367249 is divided by 750?
749
Wh